444.
2, 31, 7681
What are the prime factors of 970596?
2, 3, 11, 19, 43
List the prime factors of 106496.
2, 13
List the prime factors of 2069346.
2, 3, 193, 1787
List the prime factors of 333540.
2, 3, 5, 17, 109
What are the prime factors of 373136?
2, 23321
List the prime factors of 2420769.
3, 13, 62071
List the prime factors of 32633789.
32633789
What are the prime factors of 1457714?
2, 29, 41, 613
What are the prime factors of 715646?
2, 357823
What are the prime factors of 532675?
5, 11, 13, 149
List the prime factors of 4082556.
2, 3, 521, 653
What are the prime factors of 159472?
2, 9967
List the prime factors of 1295359.
13, 99643
What are the prime factors of 6526816?
2, 59, 3457
List the prime factors of 1013727.
3, 11, 13, 17, 139
List the prime factors of 61723.
61723
What are the prime factors of 188575?
5, 19, 397
List the prime factors of 260978.
2, 130489
List the prime factors of 2490629.
53, 46993
What are the prime factors of 302757?
3, 7, 13, 1109
What are the prime factors of 181228?
2, 45307
What are the prime factors of 282286?
2, 29, 31, 157
What are the prime factors of 206642?
2, 277, 373
What are the prime factors of 3061676?
2, 37, 137, 151
What are the prime factors of 790135?
5, 37, 4271
List the prime factors of 3015281.
19, 158699
List the prime factors of 7721883.
3, 13, 31, 2129
What are the prime factors of 340441?
61, 5581
List the prime factors of 27598820.
2, 5, 17, 81173
List the prime factors of 764399.
764399
List the prime factors of 8942492.
2, 13, 23, 7477
List the prime factors of 3475049.
3475049
List the prime factors of 10829994.
2, 3, 7, 257857
List the prime factors of 2227994.
2, 1113997
What are the prime factors of 834030?
2, 3, 5, 3089
What are the prime factors of 1084399?
157, 6907
What are the prime factors of 445631?
445631
What are the prime factors of 18572616?
2, 3, 257953
What are the prime factors of 4881328?
2, 19, 16057
What are the prime factors of 2625001?
2625001
List the prime factors of 788517.
3, 87613
List the prime factors of 5541466.
2, 7, 101, 3919
What are the prime factors of 645665?
5, 263, 491
What are the prime factors of 37932319?
29, 1308011
What are the prime factors of 3741351?
3, 1247117
What are the prime factors of 21952088?
2, 199, 13789
What are the prime factors of 1047287?
281, 3727
List the prime factors of 438794.
2, 23, 9539
What are the prime factors of 17549004?
2, 3, 11, 132947
What are the prime factors of 16473522?
2, 3, 13, 211199
What are the prime factors of 2873722?
2, 97, 14813
What are the prime factors of 211034?
2, 105517
What are the prime factors of 20168?
2, 2521
List the prime factors of 27978778.
2, 13989389
What are the prime factors of 16385729?
23, 653, 1091
List the prime factors of 271149.
3, 19, 67, 71
List the prime factors of 21448693.
7, 109, 28111
What are the prime factors of 235333?
7, 33619
List the prime factors of 1302382.
2, 651191
What are the prime factors of 432899?
193, 2243
List the prime factors of 2277491.
79, 127, 227
What are the prime factors of 25125088?
2, 785159
What are the prime factors of 1667525?
5, 66701
What are the prime factors of 116206?
2, 97, 599
What are the prime factors of 187390?
2, 5, 7, 2677
List the prime factors of 304785.
3, 5, 13, 521
List the prime factors of 7944645.
3, 5, 47, 59, 191
List the prime factors of 640233.
3, 11, 29, 223
List the prime factors of 195818.
2, 7, 71, 197
What are the prime factors of 25007?
17, 1471
List the prime factors of 124543.
124543
What are the prime factors of 8240095?
5, 23, 79, 907
What are the prime factors of 2766504?
2, 3, 13, 8867
List the prime factors of 2607243.
3, 869081
List the prime factors of 1607084.
2, 401771
List the prime factors of 83886.
2, 3, 11, 31, 41
List the prime factors of 1059711.
3, 353237
List the prime factors of 68915.
5, 7, 11, 179
List the prime factors of 77782.
2, 38891
List the prime factors of 1099357.
7, 157051
What are the prime factors of 1663692?
2, 3, 138641
List the prime factors of 1571049.
3, 31, 1877
What are the prime factors of 4325858?
2, 2162929
List the prime factors of 3036349.
3036349
What are the prime factors of 661295?
5, 19, 6961
What are the prime factors of 12069194?
2, 1097, 5501
List the prime factors of 3157686.
2, 3, 7, 19, 1319
List the prime factors of 10277587.
10277587
List the prime factors of 147323.
11, 59, 227
List the prime factors of 258410.
2, 5, 25841
List the prime factors of 33999343.
7, 31, 156679
What are the prime factors of 11946351?
3, 3982117
List the prime factors of 588379.
11, 89, 601
List the prime factors of 68338.
2, 47, 727
What are the prime factors of 344686?
2, 172343
What are the prime factors of 14168539?
7, 11, 184007
List the prime factors of 1336434.
2, 3, 11, 20249
List the prime factors of 6728186.
2, 3364093
What are the prime factors of 46334?
2, 23167
What are the prime factors of 76260?
2, 3, 5, 31, 41
What are the prime factors of 2607827?
2607827
List the prime factors of 15765086.
2, 17, 463679
What are the prime factors of 1505015?
5, 181, 1663
List the prime factors of 1073521.
1073521
What are the prime factors of 274283?
274283
What are the prime factors of 825731?
433, 1907
What are the prime factors of 332473?
332473
List the prime factors of 579325.
5, 23173
What are the prime factors of 9482564?
2, 7, 13, 109, 239
What are the prime factors of 896876?
2, 19, 11801
List the prime factors of 9260.
2, 5, 463
What are the prime factors of 2086204?
2, 521551
What are the prime factors of 213492?
2, 3, 17791
What are the prime factors of 10377813?
3, 3459271
List the prime factors of 18884989.
251, 75239
What are the prime factors of 847519?
847519
List the prime factors of 13809002.
2, 6904501
What are the prime factors of 1304413?
11, 118583
What are the prime factors of 5845641?
3, 599, 3253
List the prime factors of 2037619.
2037619
What are the prime factors of 147542?
2, 73771
List the prime factors of 5515170.
2, 3, 5, 23, 7993
List the prime factors of 28956.
2, 3, 19, 127
What are the prime factors of 822918?
2, 3, 137153
List the prime factors of 12235187.
29, 179, 2357
List the prime factors of 82169.
127, 647
What are the prime factors of 7160975?
5, 107, 2677
What are the prime factors of 9643664?
2, 602729
List the prime factors of 9475541.
9475541
List the prime factors of 5335889.
13, 410453
What are the prime factors of 25042711?
3469, 7219
List the prime factors of 760376.
2, 17, 5591
List the prime factors of 256109.
7, 36587
List the prime factors of 351898.
2, 175949
What are the prime factors of 1062471?
3, 79, 4483
List the prime factors of 6360266.
2, 11, 289103
List the prime factors of 207039.
3, 7, 9859
List the prime factors of 13605604.
2, 23, 41, 3607
List the prime factors of 374305.
5, 74861
What are the prime factors of 305370?
2, 3, 5, 13, 29
What are the prime factors of 1451528?
2, 13, 17, 821
What are the prime factors of 1859840?
2, 5, 1453
What are the prime factors of 345582?
2, 3, 73, 263
List the prime factors of 41420669.
127, 326147
What are the prime factors of 239072?
2, 31, 241
What are the prime factors of 2572140?
2, 3, 5, 163, 263
What are the prime factors of 4216528?
2, 263533
List the prime factors of 124931.
271, 461
List the prime factors of 417845.
5, 193, 433
What are the prime factors of 2830613?
2830613
What are the prime factors of 1704054?
2, 3, 11, 25819
List the prime factors of 619701.
3, 17, 29, 419
What are the prime factors of 265806?
2, 3, 14767
List the prime factors of 19090397.
163, 117119
List the prime factors of 6383312.
2, 13, 30689
List the prime factors of 1743429.
3, 581143
List the prime factors of 2101712.
2, 131357
List the prime factors of 2474351.
11, 19, 11839
What are the prime factors of 1377974?
2, 13, 52999
List the prime factors of 87344.
2, 53, 103
What are the prime factors of 2446524?
2, 3, 839
What are the prime factors of 6344288?
2, 198259
List the prime factors of 279794.
2, 19, 37, 199
What are the prime factors of 6612162?
2, 3, 1102027
What are the prime factors of 906298?
2, 263, 1723
What are the prime factors of 35660?
2, 5, 1783
What are the prime factors of 21725837?
7, 3103691
What are the prime factors of 6671261?
19, 311, 1129
